= 1426. What is the units digit of h?
3
Let c = 3377 + -2119. What is the thousands digit of c?
1
Let w(u) = u**3 - 7*u**2 + 7*u - 8. Let k be w(6). What is the units digit of 1/((-6)/(-9) - k/6)?
1
Suppose z = 2*w - 1801, -3590 = -40*w + 36*w - 2*z. What is the hundreds digit of w?
8
Suppose 2*w - 5*k = 87 + 138, 4*k = -4. Let l = 217 - w. What is the tens digit of l?
0
Suppose 4*h - 19 + 3 = 0. Suppose 3*v = -3*k + 132, h*v - 102 - 114 = -5*k. What is the tens digit of k?
4
Let s = -726 + 1459. What is the units digit of s?
3
Let x(b) be the first derivative of -b**2/2 + 11*b + 2. Let i be x(11). Suppose -5*r + 4*l + 17 = i, -r + 19 = -5*l + 3. What is the units digit of r?
1
What is the hundreds digit of (-28468)/(-99) + 16/36?
2
Suppose -27*z - 2088 = -14049. What is the tens digit of z?
4
Let j(r) = r**3 + 6*r**2 - 3*r - 6. Let m be ((-2)/4)/(2/28). Let w be j(m). Let g = -18 - w. What is the units digit of g?
6
Suppose 0 = -l - 4*l - 3*d + 4365, -l = -2*d - 873. What is the units digit of l?
3
Let j = 115 - -3411. What is the hundreds digit of j?
5
Let f(o) = 33*o + 15. What is the units digit of f(7)?
6
Let l = -35 + 73. Suppose 0 = -o - l + 138. What is the units digit of o?
0
Let p(r) = 315*r**2 + 226*r + 4. What is the units digit of p(3)?
7
Suppose 0 = -0*y + 2*y + 4*a - 6, -3*y + 1 = 2*a. Let l be y*((-2 - 0) + -1). Suppose l*c + 2*c - 75 = 0. What is the tens digit of c?
1
What is the tens digit of ((-426)/(-5))/(57/190)?
8
Suppose 0 = -4*v + 5*v. Suppose v = -10*j + 11*j - 79. What is the units digit of j?
9
Let k = 351 + -207. What is the hundreds digit of k?
1
Suppose -104 = 4*a + 172. Let u = 115 + a. What is the tens digit of u?
4
Let u be 2 + -2 - 0 - -12. Suppose -7*r = -r - u. What is the units digit of r?
2
Let w(l) = -l**2 - 10*l + 2. Let r be w(-10). What is the units digit of r - ((-1988)/8 + 2/(-4))?
1
Let m = 4 - -7. Let n(q) = -q**3 + 10*q**2 + 15*q - 10. Let g be n(m). Suppose -5*w - 71 = -4*k, 2*w = 3*k - k - g. What is the tens digit of k?
1
Let q(m) = 138*m**2 + 2*m + 30. What is the units digit of q(4)?
6
Suppose 294 = 3*h - 1170. What is the tens digit of h?
8
Suppose 9*v = 9817 + 5393. What is the hundreds digit of v?
6
What is the units digit of ((-252)/(120/(-20)))/(4/222)?
1
Let t = -94 - -129. Let f = t - -8. What is the units digit of f?
3
Suppose -2*m - 16 = 2*i, 2 + 5 = m - 2*i. What is the tens digit of (4 + -6)/(3/(1107/m))?
4
Suppose 2*v - 8 = 2*x - v, 5*x - 3*v + 2 = 0. Suppose 4*u - u - 331 = x*h, 2*u + 4*h - 242 = 0. What is the hundreds digit of u?
1
What is the units digit of (-7)/(-2) - 3 - (-2014)/4?
4
Suppose 0*o + 279 = o. Suppose 3*z + 3*c - o = 0, -2*z - 3*c + 373 = 2*z. What is the tens digit of z?
9
Suppose 2*k - 5*k = 4*h - 3, -h - 3*k + 12 = 0. What is the units digit of (-39)/((-2 - h) + -2)?
9
Let n = 276 - 77. What is the tens digit of n?
9
Suppose y = -4*b + 25, 2*y - 3*b = 3*y - 20. Suppose -y*c = -c. Suppose c*k - 173 = -3*k - 5*h, 0 = -2*k - 2*h + 118. What is the units digit of k?
1
Let p = -490 - -935. What is the hundreds digit of p?
4
What is the tens digit of (-9 + 9)/(-4) - (-4127 + -5)?
3
Suppose 2*c = 3*q - 1718, c + c + 1142 = 2*q. What is the hundreds digit of q?
5
Let p = -456 + 256. What is the units digit of 14/(-4)*p/175?
4
Let v = -1127 + 2248. What is the tens digit of v?
2
Let h = -44 + 24. Let j = h - -98. What is the tens digit of j?
7
What is the hundreds digit of (-12993)/(-4) - 87/(-116)?
2
Let f(n) = 43*n - 125. What is the tens digit of f(28)?
7
Suppose 4*h = -0*h + 16. Suppose -4*f = s + h*s + 55, 4*s - 5*f + 3 = 0. What is the tens digit of 18/s*(-14)/3?
1
What is the thousands digit of (11574/(-12))/((-1)/2)?
1
Let h(u) = -2*u**2 - 1. Let d(f) = -2*f**2 - 1. Let m(z) = 5*d(z) - 6*h(z). Let g be m(1). What is the units digit of 1*g + -6 + 51?
8
Let d be 1 + (-2 - -2) - 5. Let z be 4 - -2*(-2)/d. Let g(l) = -l**3 + 6*l**2 + l + 4. What is the tens digit of g(z)?
3
Let v = 10 + -13. Let z(w) = -3*w**3 + 7*w**2 + w - 6. Let h(g) = -g**3 + 4*g**2 + g - 3. Let j(p) = 5*h(p) - 2*z(p). What is the units digit of j(v)?
5
Let j(h) = -9*h - 2. Let o = -52 + 51. What is the units digit of j(o)?
7
Let b(z) = -z**2 - 41*z + 672. What is the tens digit of b(-49)?
8
Suppose -y + 2*r = -65, 0*y - 3*y + 2*r + 183 = 0. Suppose p - 33 = y. Suppose c + c - 5*i = p, 0 = -3*c - i + 138. What is the tens digit of c?
4
Suppose 0 = 5*m - 2*m - 378. Suppose -m = -9*w + 6*w. Suppose -q = 12 - w. What is the tens digit of q?
3
Let k = 47 + -38. Suppose 7*p = k*p - 138. What is the units digit of p?
9
Suppose 5*j - 5*h - 4820 = 0, -2*j - 4*h = -9*h - 1943. What is the tens digit of j?
5
Suppose -s = -5*s. Suppose -3 = -5*x + 2*o + o, s = 4*x - 2*o - 4. Suppose 0 = -5*f + 20, -x*f = 4*n + 1 - 45. What is the units digit of n?
8
Let t(d) = 9*d**2 + 1 + 6*d - d**3 + 2*d**3 - 2*d**2. Let g be t(-8). What is the units digit of 8/(-28) - g/21?
5
Let u(k) = 212*k + 213. What is the thousands digit of u(4)?
1
Suppose 233 = 3*g - 145. Let s be (3 + -4)/((-3)/(-21)). What is the tens digit of (s/3)/((-7)/g)?
4
Suppose 0 = -2*r + 9*r - 7798. What is the tens digit of r?
1
Suppose 6*j = j - 20, 0 = 2*t + 3*j + 6. Suppose -5*n = w - 90, -201 = -4*w + 4*n + 111. Suppose t*c - 227 = -w. What is the tens digit of c?
4
Let r(x) = -x + 4. Let g be r(-9). Let l = 13 - g. What is the units digit of (-210)/(-10) - (3 + l)?
8
Suppose -4*w + 2*c = -32, 6*c = 4*w + c - 20. Let j(d) = 7*d**2 - 12*d**2 + w*d + 12 + 6*d**2. What is the units digit of j(-12)?
6
Suppose -9*n + 6 = -12*n. Let o be (107 + n)*2/6. Let q = o - 9. What is the tens digit of q?
2
What is the hundreds digit of (-5)/(110/37 + -3)?
1
Let u = -818 - -2424. What is the units digit of u?
6
Let w(s) = s - 14. Let x be w(0). Let l = x - -26. What is the units digit of l?
2
Let c(p) = -4*p - 13. Let u be c(-8). Let z = 28 - u. What is the units digit of z?
9
Let r = -294 + 446. What is the hundreds digit of r?
1
Let p = -197 + 404. Let v = p + -120. What is the tens digit of v?
8
Let o(k) = 6*k - 8. Let p be o(13). Suppose n - p = -2*n + y, 0 = -3*n + 3*y + 60. Suppose 4*c + n = 81. What is the units digit of c?
4
Let x be -3 + 1 + (-11 + 4)*-1. Suppose 2*d + 469 = x*c, 0*c + 275 = 3*c + 2*d. What is the tens digit of c?
9
Suppose -6 = -3*l - 0. Suppose -5*u = -4*j - 436, 0*j - 2*j = l*u - 178. What is the tens digit of u?
8
Let a(l) = -561*l**3 + l**2 + 6*l + 5. What is the hundreds digit of a(-1)?
5
Let n(i) = -i**2 - 13*i - 11. Let j be n(-7). Let a = j + -29. What is the units digit of -1 + (-4 + 35 - a)?
8
Let x(v) = v**3 - v**2 + v + 363. Let l be x(0). Suppose -3*y + 247 = 2*h + 2*y, 5*y = -3*h + l. What is the hundreds digit of h?
1
Suppose 10209 = 3*b - 5*i, 20*b = 22*b + 2*i - 6822. What is the units digit of b?
8
Let z(s) = -s**3 + 14*s**2 - 2*s - 32. Let f be ((-462)/(-35) + 1/(-5))*1. What is the tens digit of z(f)?
1
Let r = 6 - 13. Let q be ((-16)/10)/(r/245). Suppose 5*o + 0*v + 2*v = 138, -2*o - v + q = 0. What is the units digit of o?
6
Let r be -3*8/36*3. Let h be ((r - 0) + 2)/3. Suppose 3*n = 5*y + 23, h = n + 4*y - 34 - 2. What is the units digit of n?
6
Suppose 5*h - 5*q = 10, -q = 2*h - 2*q - 8. Suppose -2*y - 10 = -h. What is the tens digit of ((-123)/6)/(y/4)?
4
Let x(y) = y**2 - 8*y + 9. Let u be x(5). What is the units digit of (27/u)/(1/(-10)) - -2?
7
Let j(f) = f**3 + 32*f**2 + 86*f - 23. What is the units digit of j(-12)?
5
Let t be 8/28 - 32/14. Let n be (-1)/(t - 9/(-5)). Suppose -66 = -8*m + n*m. What is the tens digit of m?
2
Let t = 18 + -13. Suppose 3*o = 2*l + 7, t*o - l - 2 = 19. What is the units digit of o?
5
Let x be 418/7 + (-46)/(-161). Suppose 0 = -2*g - 3*g + x. What is the units digit of g?
2
Suppose l + 5*u = -5, 0*l = -4*l + u + 64. Suppose -4*c + l = c. What is the tens digit of 19 + c + (-2 - 2)?
1
Let x = -241 - -933. What is the tens digit of x?
9
Suppose -n + 77 = -5*t, 3*n = 4*t + 15 + 51. Let w = t - -22. Suppose 4*p - 3 = -w, -5*p - 11 = -3*g. What is the units digit of g?
2
Let c be (4/(-10))/(2/540). Let l = 178 + c. What is the units digit of l?
0
Let b(n) = 72*n + 771. What is the hundreds digit of b(6)?
2
Let z(f) be the third derivative of 0*f + 1/12*f**4 + 0 - 12*f**2 + 11/